*2 + 25*s - 39*s. Let j(l) = l**2 - 8*l - 9. Let c be j(8). What is the units digit of u(c)?
5
Suppose -5*c + 3*w = 18, 0 = -3*c - w - 4*w - 38. Let q be (-1)/2*c - 1. Suppose -5*j + 0*j + 3*g + 245 = 0, q*j - 98 = g. What is the units digit of j?
9
Suppose 2*t - 4*g - 24 = -76, 4*t = -4*g - 140. Let c = t - -79. What is the tens digit of c?
4
Let c be ((-5)/2)/(1/(-2)). Suppose -q = 5 + c. What is the units digit of -1 - -4 - (0 + q)?
3
Suppose -a - 11*k + 16*k = -2246, 4*k = -5*a + 11172. What is the units digit of a?
6
Suppose 2363 - 293 = 46*z. What is the tens digit of z?
4
Suppose u + 2*d + 1 = 0, -3*u = -u - 5*d + 47. Let y be (-2)/u + (-6429)/(-33). Suppose -r = -6*r + y. What is the units digit of r?
9
Let s(x) = 321*x**2 - 26*x - 55. What is the units digit of s(-3)?
2
Suppose x + 1661 + 1396 = 4*r, -5*x - 2314 = -3*r. What is the units digit of r?
3
Let a = 101 + -103. What is the tens digit of 181/a*(11 - 13)?
8
Suppose 2*n + 5*y - 5634 + 783 = 0, 3*n = -2*y + 7293. What is the units digit of n?
3
Suppose -8 - 218 = -3*l + u, 5*l - 380 = u. Suppose 7*k + l = 434. What is the units digit of k?
1
Let j = 923 - 178. What is the tens digit of j?
4
Let u = 82 + -48. Let j be (-2)/3*6/(-4). What is the units digit of (1 - j)/(-2) + u?
4
What is the tens digit of -4*((-92631)/(-12))/(-11)?
0
Suppose 12*v - 36 + 0 = 0. What is the units digit of (10*v/(-4))/(6/(-12))?
5
Suppose 0 = -2*o - 40 - 18. Let l = 28 + o. What is the units digit of l/(-3) - 812/(-21)?
9
Let b = -24 - -57. Let a = b + 29. What is the tens digit of a?
6
Let g = -468 - -783. What is the tens digit of g?
1
Suppose -32*q = -22*q - 4240. What is the hundreds digit of q?
4
Suppose 17*y = 16*y + 4. Let v(i) be the first derivative of i**3/3 + i**2 + 6*i + 1. What is the tens digit of v(y)?
3
Let t(b) = 60*b**3 + 2*b**2 - 9*b + 10. What is the hundreds digit of t(2)?
4
Let o = 1045 - 587. What is the tens digit of o?
5
Suppose -65 = -g - 4*s, s + 0*s = -5*g + 363. What is the units digit of g?
3
Let x(h) = h + 1. Let z(m) = -33*m - 26. Let w(u) = 4*x(u) + z(u). What is the hundreds digit of w(-9)?
2
Let g be 2*(-6)/3 - -5. Suppose 0 = -2*p + 4*v - 20, -4*v - 13 - 7 = 2*p. What is the units digit of 5*(g + (-28)/p)?
9
Let b(h) = -9*h - 31. Let j(a) = -9*a - 30. Let v(m) = -6*b(m) + 7*j(m). What is the units digit of v(-5)?
1
Suppose -5*p + 56 = 2*m - 178, -4*m + 5*p + 468 = 0. What is the tens digit of m?
1
Suppose -481*l + 31080 = -451*l. What is the thousands digit of l?
1
Let p(y) = -y**2 - 5*y + 5. Suppose 0 = -5*k - i - 29, 18 = -4*k - i - 5. Let r be p(k). Let w(o) = -33*o**3 + 1. What is the tens digit of w(r)?
3
Let t(h) = -5*h**3 - h. Let s be t(1). What is the tens digit of 2*9 - (-7 - s)?
1
Let w be ((-8)/(-2)*4)/(2 - 0). Suppose -2227 + 931 = -w*g. What is the units digit of g?
2
Let m = 8 + 11. Let g be -1*9*(22/(-6))/1. Suppose -4*d = 3*v - m, -d - 3*d - g = -v. What is the tens digit of v?
1
Suppose 4*p + 1 + 3 = 0. Let n(u) = -1 - 19*u - 5*u + 5*u - 13*u - 4*u. What is the units digit of n(p)?
5
Suppose -3*w = -334 - 4409. What is the thousands digit of w?
1
Let r(d) = -d**3 + 3*d**2 + 4*d - 6. Let l be r(4). Let i = l + 10. What is the tens digit of ((-16)/(-1))/(i/4)?
1
Suppose 3*q = -1035 + 3060. What is the tens digit of q?
7
Let p(k) be the second derivative of k**7/504 + k**6/360 + k**5/40 + 2*k**4/3 - 7*k. Let f(i) be the third derivative of p(i). What is the units digit of f(-3)?
2
Suppose 4*i = -4*z - 24, 5*i + 23 = -2*z + 5. What is the units digit of z/(16/(-49)) - 1/4?
2
Let n(z) = -z**2 + 17*z + 9. Let x be n(17). Let a(m) = -2*m**3 + 20*m**2 + 10*m - 22. What is the hundreds digit of a(x)?
2
Let j be (-6)/20*-2*5. Suppose 4*n - 3 = -v, -13 - 4 = -2*v + j*n. Suppose 0 = -m - 0*m + v. What is the units digit of m?
7
Suppose r - f = -3*f - 8, 4 = -3*r + 4*f. What is the tens digit of (-101)/(r/(-4) - 2)?
0
Suppose -4*n - 2*w + 12444 = 0, 58*n - 59*n + 3116 = 3*w. What is the tens digit of n?
1
Suppose 4*p + 606 = -218. Let x = p + 363. What is the hundreds digit of x?
1
Suppose 3*j - 5*j = 4*y - 3620, 2*j - 5*y - 3656 = 0. What is the units digit of j?
8
Suppose -3*q + 10 = 4*j, -q = 4*q + 5*j - 15. What is the hundreds digit of (-354)/(-3) + 0 + (q - 0)?
1
Let m(q) = -q**3 - 8*q**2 + 6*q - 11. Suppose 3 - 30 = 3*l. What is the units digit of m(l)?
6
Suppose 0 = -0*y + y. Suppose y = 3*c + 12 - 81. What is the units digit of c?
3
Let d be (1 + -3)*(-1)/(-2). What is the units digit of ((-1)/(-3))/(d + 700/696)?
8
Let c(p) = 15*p**2 - 3*p - 63. What is the thousands digit of c(-16)?
3
Let q = -16 - -19. Suppose q*n + 2*n - 270 = -5*t, -150 = -3*t + 3*n. What is the tens digit of t?
5
Let a(b) = -b**2 + 11*b - 7. Let q be a(10). Suppose 5*z = 5*w + 110, 5*z + q*w = 5*w + 113. Let p = z + -13. What is the units digit of p?
0
Let g(s) = -4*s - 105. Let f(r) = -r - 26. Let n(y) = -9*f(y) + 2*g(y). Let l be (0 - 3)*(-11)/(-3). What is the tens digit of n(l)?
1
Suppose 0 = 5*j + v - 36, 0 = j - 4*v - 3 - 0. Suppose 0 = 2*x + 3*r - j, 5*x - 2*r - 15 = -7. Suppose 0 = -t + x*t - 28. What is the units digit of t?
8
Let p = -10 - -15. Suppose 0*d - p*d = -10. Suppose -v + 10 = -d. What is the units digit of v?
2
Let g be 18/8 + 15/20. What is the units digit of (-30)/(0 + g/((-21)/2))?
5
Let t(l) = -l**2 + 20*l - 2. Let p(c) = -c**2 + 8*c - 3. Let m be p(4). What is the tens digit of t(m)?
8
Let n = -2 + 11. Let q be (-379)/(-7) - n/63. Suppose -5*h + q = -36. What is the tens digit of h?
1
Let d(j) = -j**3 - 9*j**2 - 10*j - 14. Let h be d(-8). Suppose h*o = -4*l + 704, 0 = 3*o + 5 + 7. What is the tens digit of l?
7
Let z = -5 + -6. Let t = -9 - z. Let g(r) = 5*r + 4. What is the units digit of g(t)?
4
Let r be (12/(-2))/(-1 - 1). Suppose r*u - 9 = 39. Suppose y - 61 = -u. What is the tens digit of y?
4
Suppose 0 = 4*m - 5*t - 16, 4*m - m + 2*t - 12 = 0. Suppose -m*i + 13 = 3*s, i + 16 = -0*s + 2*s. Let g(k) = -k + 22. What is the units digit of g(s)?
5
Suppose -2*y - 2*y - 20 = 0, y = 5*s - 225. What is the tens digit of s?
4
Let w(z) = 295*z + 14. Let b be w(1). Suppose 0 = 5*l - 5*g - 485, 3*l + 0*g + 3*g - b = 0. What is the hundreds digit of l?
1
Let g = -2802 + 5335. What is the hundreds digit of g?
5
Let f be ((-10)/7)/((-18)/63). What is the units digit of (3 - 5) + (13*f - 0)?
3
Let i = -17 - 4. Let c = -69 - -98. Let a = i + c. What is the units digit of a?
8
Let f(l) = 22*l - 10. Let m be f(13). Suppose -4*p - m = 4*d, 2*p - 103 = 2*d - 3*p. Let s = d + 122. What is the units digit of s?
8
Let j(q) = 62*q**2 - 2*q + 3. Let u be j(3). Suppose -u = -5*c + 110. Let x = c + -63. What is the tens digit of x?
7
Let j(v) = -5*v**3 - 3*v**2 - v - 16. Let l be ((-16)/6)/(16/24). What is the units digit of j(l)?
0
Suppose 5*h + 4 = 74. Suppose h + 10 = 3*y. What is the units digit of y?
8
Let r be (-442)/52*1*66. Let n = -369 - r. What is the hundreds digit of n?
1
Let g be (-18)/(-15)*30/9. Suppose -3*v - 3*s + 264 = 0, -g*s + 12 = -0. What is the tens digit of v?
8
Suppose -7*g + g = 0. Let h be (4/(-8)*g)/1. Suppose h = 2*s + 4*s - 48. What is the units digit of s?
8
Let p = -8663 - -15579. What is the tens digit of 2*(p/8)/7?
4
Let v = -8 + -23. Let f = 380 + -461. Let l = v - f. What is the tens digit of l?
5
What is the tens digit of 21880/21 + (-16)/(-168)?
4
Let l(q) = -q**2 + q + 1. Let u(t) = t**3 - 14*t**2 - t + 18. Let b(m) = 2*l(m) - u(m). Let n(a) = a + 17. Let g be n(-5). What is the tens digit of b(g)?
2
Suppose 0 = -7*t + 12 + 23. Suppose 5*k + t*x - 345 = 0, -2*x = -4*k - 3*x + 264. What is the units digit of k?
5
Let p be 2/(2 + -4) + 82. Let u = p - 28. What is the tens digit of u?
5
Let g = 84 - 44. What is the tens digit of 16/g - 393/(-5)?
7
Let z(s) = s**3 - 9*s**2 - 24*s - 24. Let n be z(11). Let p = 62 - 90. Let d = p - n. What is the tens digit of d?
1
Suppose 4*x - 2353 + 860 = -3*p, 6 = 3*x. What is the hundreds digit of p?
4
Let x(j) = -9*j**2 - 2*j - 1. Let n be x(-1). What is the tens digit of (0 - -12) + n/(-4)?
1
Let n(m) = 3*m**2 - 217*m - 2*m**2 - 8 + 219*m. Suppose -z + 7 = 2. What is the tens digit of n(z)?
2
Suppose 5*o = d + 627, o + d - 115 = -4*d. Suppose -m + 5*a + o = 0, -713 = -5*m + a + 2*a. What is the uni